r of a and 144?
16
Suppose -4*m - h + 788 = 0, 3*m - 2*m - 3*h - 184 = 0. What is the highest common divisor of m and 28?
28
Let m be (-3 + 2)/(3*(-1)/3). Let d be 3/1 - (1 + 1). What is the greatest common divisor of d and m?
1
Suppose -148 = -5*k + 127. What is the greatest common divisor of k and 11?
11
Let g = 49 + -29. Let i(y) = 3*y**2 + 5*y - 10. Let z be i(-5). What is the highest common factor of z and g?
20
Suppose -4*c - 41 = -5*y - 5, 5*y - 40 = 5*c. Let v be 2/(-1 + 6/y). Let a be ((-6)/v)/((-6)/32). What is the highest common factor of a and 56?
8
Let n(w) be the third derivative of w**5/60 + w**4/24 + w**3 + 9*w**2. Let x = 9 - 15. Let m be n(x). Calculate the highest common factor of m and 4.
4
Suppose 0 = -3*g - 61 + 112. What is the highest common factor of g and 17?
17
Let j be 12/(-54) - (-122)/(-18). Let t be (6/j)/(8/(-112)). Suppose -1 = -k + 11. What is the greatest common factor of t and k?
12
Let o(s) = 15*s - 1. Let u be o(2). Let y(i) = -2*i - 1. Let z be y(6). Let r = z + u. Calculate the greatest common factor of r and 2.
2
Suppose 7 = -3*b + 16, 5*k = 2*b + 554. Suppose -2*r + 0*r = 0. Let o = r + 14. What is the highest common divisor of k and o?
14
Suppose -4*g - 18 = -7*g. Calculate the highest common factor of g and 24.
6
Let p(d) = -d**3 - 3*d**2 - 2*d. Let v be p(-5). Let b = -105 - -165. Suppose -2*m + b = 3*m. What is the greatest common divisor of v and m?
12
Let k be -7 + 12 + (18 - 1). What is the highest common factor of k and 198?
22
Let y be (3/1)/(6/56). Let u = -59 - -66. Calculate the highest common factor of y and u.
7
Suppose 9*m = 56 + 934. Calculate the highest common divisor of m and 10.
10
Let l(s) = 2*s + 2. Let r be l(5). Suppose 0 = -3*c + r + 6. Let d = 10 + c. What is the highest common divisor of d and 144?
16
Let z(p) = -3*p**2 - 24*p + 4. Let x be z(-8). Suppose -3*a = 4*m - 4*a - 12, -3*m = a - 16. What is the highest common divisor of x and m?
4
Let u(z) = -2*z**3 - 2*z**2 - 3*z - 3. Let l be u(-3). Suppose -l = -3*w - 0*w. Let b = w + 31. What is the greatest common factor of b and 15?
15
Let j = -39 + 78. Calculate the highest common divisor of 351 and j.
39
Let v = -13 + 5. Let j(c) = -11*c - 8. Let k be j(v). Let m(x) = 12*x - 4. Let t be m(3). Calculate the greatest common factor of t and k.
16
Let w = -2 + 0. Let j be w/((-2)/97) + 2. Calculate the greatest common factor of 11 and j.
11
Let j = 36 - 14. Calculate the greatest common divisor of 55 and j.
11
Let c(f) = 2*f**3 - 10*f**3 + 5*f**3 - 2*f**2. Let y be c(-2). What is the highest common divisor of 4 and y?
4
Let n = 17 - -7. Calculate the greatest common factor of 18 and n.
6
Let g be 2*(-197)/(-7) - (-2)/(-7). What is the greatest common factor of g and 8?
8
Let d = -8 + 14. Suppose -d*v + 20 = -v. Let s(l) = 11*l - 196. Let u be s(18). Calculate the greatest common factor of u and v.
2
Let l = 137 + -18. Let w be 4/2*(-165)/(-10). Suppose 0 = -3*g + 18 + w. What is the highest common factor of g and l?
17
Let a = 41 + -35. What is the highest common divisor of a and 18?
6
Suppose 5*y - a - 3 - 9 = 0, -5*y + 18 = a. Suppose 1 + 8 = y*c. Calculate the highest common factor of 3 and c.
3
Let b = -40 - -42. Calculate the highest common divisor of b and 6.
2
Suppose 58 = -4*h - 278. Let g = h + 123. What is the highest common factor of g and 13?
13
Let u = 3 + -2. Let r = u + 19. Let o = r + -10. What is the highest common divisor of o and 15?
5
Suppose -s - 3*s = -4*f - 40, 3*f - 6 = 0. Calculate the greatest common factor of 4 and s.
4
Let i = 2 - 0. Let n = i + -2. Suppose -4*f + f + 9 = n. Calculate the highest common factor of f and 27.
3
Let w be (-42)/4*16/6. Let q = 4 - 16. Let x = q - w. Calculate the greatest common factor of x and 112.
16
Let d(q) = -3*q - 1. Let r be d(-5). Let p = -33 - -68. What is the highest common factor of p and r?
7
Let n = 7 - 3. Suppose 0*y - 4*y - 20 = 0. Let j be (2 - (-42)/(-15))*y. What is the highest common divisor of n and j?
4
Suppose 50 = m - 6*m - 3*g, -g = -3*m - 30. Let b be 26 - (-5)/(m/4). What is the greatest common factor of b and 192?
24
Let b(o) = o**3 - 7*o**2 + 6*o + 4. Let c be b(6). Let q be (9/(-4))/(1/c). Let s be 7 + -2 + q/(-3). Calculate the greatest common divisor of 72 and s.
8
Let u(a) = 4*a**2 - 8. Let l be u(4). What is the highest common factor of 14 and l?
14
Suppose -5*x - 5 = 0, g - 573 = -g - 3*x. What is the highest common factor of g and 32?
32
Let b be -6*12/9*-2. What is the highest common factor of 32 and b?
16
Let g be (-116)/(-10) - (-2)/5. Suppose -5*v = 4*l - 2*l + 11, -l + 4*v = -27. Let f be 7*l - (1 + 0). Calculate the greatest common factor of g and f.
12
Suppose -4*p - 3 = -15. Let i(w) = 3*w**3 - w**2 + 5*w - 3. Let f be i(p). What is the greatest common factor of 12 and f?
12
Suppose c = -0*c - 2. Let w be (5/c)/((-2)/4). Suppose -3*d - w*r + 3*r = -13, -2*d = -2*r + 8. What is the highest common factor of 1 and d?
1
Let p(r) = r**2 + r + 18. Let u be p(0). Calculate the greatest common factor of 45 and u.
9
Suppose -10 + 5 = -5*z, 0 = 4*v + 4*z + 44. Let p = -7 - v. Calculate the highest common divisor of p and 40.
5
Let p(x) = x**3 + 18*x**2 + 16*x + 6. Let h be p(-17). Let t = h + -16. Calculate the greatest common divisor of t and 28.
7
Let q = -138 - -219. Let d = 5 - -4. What is the greatest common factor of q and d?
9
Suppose 0*a = -5*f - a + 104, -38 = -2*f - 4*a. Suppose 5*g - 15 = -0*g. Suppose -12 = -g*s + f. What is the highest common divisor of 99 and s?
11
Suppose 3*i + 4 = 16. What is the highest common factor of i and 12?
4
Suppose 0*u + 2*u - 374 = 0. Let c be 15 + (-5)/(10/(-4)). What is the greatest common factor of u and c?
17
Let u(a) = -a + 15. Let n be u(14). Calculate the highest common divisor of n and 7.
1
Suppose 2*b - b = 0. Suppose -3*f - j + 44 = b, -2*f - 3*j + 0*j = -27. Calculate the greatest common factor of f and 6.
3
Let v be (-4)/((-12)/(-9)) - -276. Calculate the greatest common factor of 39 and v.
39
Let i(j) be the second derivative of -2*j**3/3 - j**2 + j. Let y be i(-3). What is the greatest common factor of 20 and y?
10
Let n = -6 + 7. Calculate the highest common factor of 11 and n.
1
Let d = -89 - -107. What is the greatest common factor of 18 and d?
18
Suppose -24 = s - 3*s. What is the greatest common factor of s and 18?
6
Let o(w) = 4*w - 2. Let i be o(8). Calculate the highest common factor of 10 and i.
10
Let m(f) = -f + 3. Let q be m(-2). Calculate the greatest common divisor of 35 and q.
5
Suppose 2*i = -i - 5*c + 150, i - 39 = 2*c. What is the greatest common divisor of 75 and i?
15
Suppose -4*a - 4*h = -16, -4*a + h - 4*h + 20 = 0. Suppose 0 = 4*c - 2*c - a. Calculate the highest common divisor of 4 and c.
4
Let r = -12 - -21. Let c(a) = 71*a**3 + 2*a**2 - 2*a + 1. Let n be c(1). Calculate the greatest common divisor of r and n.
9
Suppose 8*y - 3*y - 25 = 0. What is the highest common factor of y and 25?
5
Suppose 2*a = -2*c + 14, 23 = 8*c - 3*c - a. Let z = 1 + c. Suppose 0 = v - 0 - z. What is the greatest common divisor of v and 9?
3
Suppose 143*m = 132*m + 187. Let b be 2/3 + (-98)/(-6). What is the greatest common factor of b and m?
17
Suppose 2*j + 99 = 3*j. Suppose -7*t = -239 - 223. What is the greatest common divisor of t and j?
33
Let q(s) = 31*s**2 + 1. Let f be q(2). Let z be ((-1420)/497)/(3/((-105)/2)). Calculate the greatest common divisor of z and f.
25
Suppose j - 3*j - 8 = 0. Let k be j/(-10)*(9 + -4). Suppose -3*t = -4*c + 30, t + 0 = k. Calculate the greatest common divisor of 72 and c.
9
Suppose -i + 13 + 19 = 0. What is the highest common factor of i and 4?
4
Suppose 9*o = 4*o + 120. Let l be (0 - -1)*(-16 + 76). What is the highest common factor of l and o?
12
Suppose 5*u - n - n - 321 = 0, 0 = 4*u + 3*n - 243. Let a be (-1)/((-72)/14 + 5). What is the greatest common factor of a and u?
7
Suppose 64 = 4*s - 16. Calculate the greatest common divisor of 30 and s.
10
Suppose 2*c + 2*c - 40 = 0. Let i(j) = 9*j**3 - 2*j**2 + 4*j - 2. Let m be i(2). Calculate the highest common divisor of m and c.
10
Suppose 0 = -2*f + 386 - 78. Suppose 2*c = 2*v + 3*v - 72, -3*v + 38 = 4*c. What is the highest common factor of f and v?
14
Let y(a) = a**3 + 10*a**2 + 16*a -